{"id":12,"date":"2015-12-22T20:21:33","date_gmt":"2015-12-22T18:28:32","guid":{"rendered":"http:\/\/lubiniecka.pl\/?page_id=12"},"modified":"2022-05-26T12:35:08","modified_gmt":"2022-05-26T12:35:08","slug":"kontakt","status":"publish","type":"page","link":"https:\/\/lubiniecka.pl\/index.php\/kontakt\/","title":{"rendered":"Kontakt"},"content":{"rendered":"<blockquote><p><span style=\"color: #000000;\">S i e d z i b a \u00a0g \u0142 \u00f3 w n a:<\/span><\/p><\/blockquote>\n<p><strong>Kancelaria Adwokacka Magdalena Lubiniecka<\/strong><br \/>\nPlac Jana Paw\u0142a II 33\/23, 50-136 Wroc\u0142aw<br \/>\n+48 664 485 786<br \/>\n<a href=\"mailto:adwokat@lubiniecka.pl\">adwokat@lubiniecka.pl<\/a><\/p>\n","protected":false},"excerpt":{"rendered":"<p>S i e d z i b a \u00a0g \u0142 \u00f3 w n a: Kancelaria Adwokacka Magdalena Lubiniecka Plac Jana Paw\u0142a II 33\/23, 50-136 Wroc\u0142aw +48 664 485 786 adwokat@lubiniecka.pl<\/p>\n","protected":false},"author":1,"featured_media":0,"parent":0,"menu_order":0,"comment_status":"closed","ping_status":"closed","template":"","meta":[],"_links":{"self":[{"href":"https:\/\/lubiniecka.pl\/index.php\/wp-json\/wp\/v2\/pages\/12"}],"collection":[{"href":"https:\/\/lubiniecka.pl\/index.php\/wp-json\/wp\/v2\/pages"}],"about":[{"href":"https:\/\/lubiniecka.pl\/index.php\/wp-json\/wp\/v2\/types\/page"}],"author":[{"embeddable":true,"href":"https:\/\/lubiniecka.pl\/index.php\/wp-json\/wp\/v2\/users\/1"}],"replies":[{"embeddable":true,"href":"https:\/\/lubiniecka.pl\/index.php\/wp-json\/wp\/v2\/comments?post=12"}],"version-history":[{"count":10,"href":"https:\/\/lubiniecka.pl\/index.php\/wp-json\/wp\/v2\/pages\/12\/revisions"}],"predecessor-version":[{"id":106,"href":"https:\/\/lubiniecka.pl\/index.php\/wp-json\/wp\/v2\/pages\/12\/revisions\/106"}],"wp:attachment":[{"href":"https:\/\/lubiniecka.pl\/index.php\/wp-json\/wp\/v2\/media?parent=12"}],"curies":[{"name":"wp","href":"https:\/\/api.w.org\/{rel}","templated":true}]}}

<blockquote><p><span style="color: #000000;">S i e d z i b a  g ł ó w n a:</span></p></blockquote>
<p><strong>Kancelaria Adwokacka Magdalena Lubiniecka</strong><br />
Plac Jana Pawła II 33/23, 50-136 Wrocław<br />
+48 664 485 786<br />
<a href="mailto:adwokat@lubiniecka.pl">adwokat@lubiniecka.pl</a></p>

<p>S i e d z i b a  g ł ó w n a: Kancelaria Adwokacka Magdalena Lubiniecka Plac Jana Pawła II 33/23, 50-136 Wrocław +48 664 485 786 adwokat@lubiniecka.pl</p>
