{"id":7,"date":"2015-12-22T20:28:16","date_gmt":"2015-12-22T18:23:40","guid":{"rendered":"http:\/\/lubiniecka.pl\/?page_id=7"},"modified":"2022-05-26T12:43:11","modified_gmt":"2022-05-26T12:43:11","slug":"zespol","status":"publish","type":"page","link":"https:\/\/lubiniecka.pl\/index.php\/zespol\/","title":{"rendered":"Adwokaci"},"content":{"rendered":"<p><strong>Adwokat Magdalena Lubiniecka, LL.M.<\/strong><\/p>\n<blockquote><p>Edukacja \u00a0prawnicza:<\/p><\/blockquote>\n<p>Absolwentka Wydzia\u0142u Prawa Europejskiego Uniwersytetu Viadrina we Frankfurcie nad Odr\u0105 oraz Uniwersytetu im. Adama Mickiewicza w Poznaniu.\u00a0Stypendystka programu Sokrates na Uniwersytecie Essex w Colchester (Anglia).\u00a0W roku 2012 uko\u0144czy\u0142a aplikacj\u0119 adwokack\u0105 przy Okr\u0119gowej Radzie Adwokackiej we Wroc\u0142awiu zako\u0144czon\u0105 egzaminem adwokackim.<br \/>\nW toku aplikacji adwokackiej wsp\u00f3\u0142pracowa\u0142a z du\u017cymi wroc\u0142awskimi kancelariami adwokackimi, a po jej uko\u0144czeniu za\u0142o\u017cy\u0142a i prowadzi w\u0142asn\u0105 Kancelari\u0119 Adwokack\u0105 we Wroc\u0142awiu oraz Fili\u0119 Kancelarii w Z\u0142otoryi.<\/p>\n<blockquote><p>Do\u015bwiadczenie \u00a0zawodowe:<\/p><\/blockquote>\n<p>W toku praktyki zawodowej prowadzi\u0142a obs\u0142ug\u0119 prawn\u0105 przedsi\u0119biorc\u00f3w z bran\u017cy spo\u017cywczej, maszynowej, odzie\u017cowej, o\u015bwietleniowej i energetycznej, w tym obs\u0142ug\u0119 prawn\u0105 firm zagranicznych. Reprezentowa\u0142a Klient\u00f3w w sporach s\u0105dowych z zakresu prawa rodzinnego, spadkowego, cywilnego oraz gospodarczego (z wykorzystaniem przepis\u00f3w mi\u0119dzynarodowych &#8211; m.in. Konwencji wiede\u0144skiej o umowach mi\u0119dzynarodowej sprzeda\u017cy towar\u00f3w, Rozporz\u0105dze\u0144 unijnych &#8211; Rzym I i Rzym II) i upad\u0142o\u015bciowego oraz w post\u0119powaniach administracyjnych i s\u0105dowo-administracyjnych.<\/p>\n<blockquote><p>Us\u0142ugi \u00a0prawne \u00a0w j\u0119zyku niemieckim i angielskim:<\/p><\/blockquote>\n<p>Adwokat Magdalena Lubiniecka \u015bwiadczy us\u0142ugi prawne w j\u0119zyku niemieckim oraz w j\u0119zyku angielskim.<\/p>\n<p><strong>Adwokat Damian Bomerski<\/strong><\/p>\n<blockquote><p>Edukacja \u00a0prawnicza:<\/p><\/blockquote>\n<p>Absolwent Wydzia\u0142u Prawa, Administracji i Ekonomii Uniwersytetu Wroc\u0142awskiego. \u00a0Uko\u0144czy\u0142 aplikacj\u0119 adwokack\u0105 przy Okr\u0119gowej Radzie Adwokackiej we Wroc\u0142awiu zako\u0144czon\u0105 egzaminem adwokackim.<br \/>\nW toku aplikacji adwokackiej wsp\u00f3\u0142pracowa\u0142 z wroc\u0142awskimi kancelariami adwokackimi przy Okr\u0119gowej Radzie Adwokackiej.<\/p>\n<blockquote><p>Do\u015bwiadczenie \u00a0zawodowe:<\/p><\/blockquote>\n<p>W toku praktyki zawodowej prowadzi obs\u0142ugi prawne firm, fundacji, stowarzysze\u0144. Reprezentuje Klient\u00f3w w sprawach s\u0105dowych z zakresu prawa karnego, rodzinnego, cywilnego (m.in. spadkowego i bankowego) oraz gospodarczego.<\/p>\n","protected":false},"excerpt":{"rendered":"<p>Adwokat Magdalena Lubiniecka, LL.M. Edukacja \u00a0prawnicza: Absolwentka Wydzia\u0142u Prawa Europejskiego Uniwersytetu Viadrina we Frankfurcie nad Odr\u0105 oraz Uniwersytetu im. Adama Mickiewicza w Poznaniu.\u00a0Stypendystka programu Sokrates na Uniwersytecie Essex w Colchester (Anglia).\u00a0W roku 2012 uko\u0144czy\u0142a aplikacj\u0119 adwokack\u0105 przy Okr\u0119gowej Radzie Adwokackiej we Wroc\u0142awiu zako\u0144czon\u0105 egzaminem adwokackim. W toku aplikacji adwokackiej wsp\u00f3\u0142pracowa\u0142a z du\u017cymi wroc\u0142awskimi kancelariami adwokackimi, &hellip; <a href=\"https:\/\/lubiniecka.pl\/index.php\/zespol\/\" class=\"more-link\">Czytaj dalej <span class=\"screen-reader-text\">Adwokaci<\/span> <span class=\"meta-nav\">&rarr;<\/span><\/a><\/p>\n","protected":false},"author":1,"featured_media":0,"parent":0,"menu_order":0,"comment_status":"closed","ping_status":"closed","template":"","meta":[],"_links":{"self":[{"href":"https:\/\/lubiniecka.pl\/index.php\/wp-json\/wp\/v2\/pages\/7"}],"collection":[{"href":"https:\/\/lubiniecka.pl\/index.php\/wp-json\/wp\/v2\/pages"}],"about":[{"href":"https:\/\/lubiniecka.pl\/index.php\/wp-json\/wp\/v2\/types\/page"}],"author":[{"embeddable":true,"href":"https:\/\/lubiniecka.pl\/index.php\/wp-json\/wp\/v2\/users\/1"}],"replies":[{"embeddable":true,"href":"https:\/\/lubiniecka.pl\/index.php\/wp-json\/wp\/v2\/comments?post=7"}],"version-history":[{"count":4,"href":"https:\/\/lubiniecka.pl\/index.php\/wp-json\/wp\/v2\/pages\/7\/revisions"}],"predecessor-version":[{"id":109,"href":"https:\/\/lubiniecka.pl\/index.php\/wp-json\/wp\/v2\/pages\/7\/revisions\/109"}],"wp:attachment":[{"href":"https:\/\/lubiniecka.pl\/index.php\/wp-json\/wp\/v2\/media?parent=7"}],"curies":[{"name":"wp","href":"https:\/\/api.w.org\/{rel}","templated":true}]}}

<p><strong>Adwokat Magdalena Lubiniecka, LL.M.</strong></p>
<blockquote><p>Edukacja  prawnicza:</p></blockquote>
<p>Absolwentka Wydziału Prawa Europejskiego Uniwersytetu Viadrina we Frankfurcie nad Odrą oraz Uniwersytetu im. Adama Mickiewicza w Poznaniu. Stypendystka programu Sokrates na Uniwersytecie Essex w Colchester (Anglia). W roku 2012 ukończyła aplikację adwokacką przy Okręgowej Radzie Adwokackiej we Wrocławiu zakończoną egzaminem adwokackim.<br />
W toku aplikacji adwokackiej współpracowała z dużymi wrocławskimi kancelariami adwokackimi, a po jej ukończeniu założyła i prowadzi własną Kancelarię Adwokacką we Wrocławiu oraz Filię Kancelarii w Złotoryi.</p>
<blockquote><p>Doświadczenie  zawodowe:</p></blockquote>
<p>W toku praktyki zawodowej prowadziła obsługę prawną przedsiębiorców z branży spożywczej, maszynowej, odzieżowej, oświetleniowej i energetycznej, w tym obsługę prawną firm zagranicznych. Reprezentowała Klientów w sporach sądowych z zakresu prawa rodzinnego, spadkowego, cywilnego oraz gospodarczego (z wykorzystaniem przepisów międzynarodowych &#8211; m.in. Konwencji wiedeńskiej o umowach międzynarodowej sprzedaży towarów, Rozporządzeń unijnych &#8211; Rzym I i Rzym II) i upadłościowego oraz w postępowaniach administracyjnych i sądowo-administracyjnych.</p>
<blockquote><p>Usługi  prawne  w języku niemieckim i angielskim:</p></blockquote>
<p>Adwokat Magdalena Lubiniecka świadczy usługi prawne w języku niemieckim oraz w języku angielskim.</p>
<p><strong>Adwokat Damian Bomerski</strong></p>
<blockquote><p>Edukacja  prawnicza:</p></blockquote>
<p>Absolwent Wydziału Prawa, Administracji i Ekonomii Uniwersytetu Wrocławskiego.  Ukończył aplikację adwokacką przy Okręgowej Radzie Adwokackiej we Wrocławiu zakończoną egzaminem adwokackim.<br />
W toku aplikacji adwokackiej współpracował z wrocławskimi kancelariami adwokackimi przy Okręgowej Radzie Adwokackiej.</p>
<blockquote><p>Doświadczenie  zawodowe:</p></blockquote>
<p>W toku praktyki zawodowej prowadzi obsługi prawne firm, fundacji, stowarzyszeń. Reprezentuje Klientów w sprawach sądowych z zakresu prawa karnego, rodzinnego, cywilnego (m.in. spadkowego i bankowego) oraz gospodarczego.</p>

<p>Adwokat Magdalena Lubiniecka, LL.M. Edukacja  prawnicza: Absolwentka Wydziału Prawa Europejskiego Uniwersytetu Viadrina we Frankfurcie nad Odrą oraz Uniwersytetu im. Adama Mickiewicza w Poznaniu. Stypendystka programu Sokrates na Uniwersytecie Essex w Colchester (Anglia). W roku 2012 ukończyła aplikację adwokacką przy Okręgowej Radzie Adwokackiej we Wrocławiu zakończoną egzaminem adwokackim. W toku aplikacji adwokackiej współpracowała z dużymi wrocławskimi kancelariami adwokackimi, &hellip; <a href="https://lubiniecka.pl/index.php/zespol/" class="more-link">Czytaj dalej <span class="screen-reader-text">Adwokaci</span> <span class="meta-nav">&rarr;</span></a></p>
