{"id":9,"date":"2015-12-22T20:30:50","date_gmt":"2015-12-22T18:24:30","guid":{"rendered":"http:\/\/lubiniecka.pl\/?page_id=9"},"modified":"2015-12-22T20:19:25","modified_gmt":"2015-12-22T20:19:25","slug":"wspolpracownicy","status":"publish","type":"page","link":"https:\/\/lubiniecka.pl\/index.php\/wspolpracownicy\/","title":{"rendered":"Wsp\u00f3\u0142pracownicy"},"content":{"rendered":"<p><strong>Aleksandra Lubiniecka<\/strong><\/p>\n<p>Absolwentka Uniwersytetu Warszawskiego, Magister lingwistyki stosowanej. T\u0142umacz tekst\u00f3w prawniczych i ekonomicznych. \u015awiadczy us\u0142ugi w zakresie prawniczych i ekonomicznych t\u0142umacze\u0144 ustnych i pisemnych.<\/p>\n<p>W ramach swojej specjalizacji t\u0142umaczy m.in. pisma procesowe, opinie prawne, wyroki s\u0105d\u00f3w powszechnych i S\u0105du Najwy\u017cszego w Warszawie, dokumenty z zakresu prawa handlowego, w tym uchwa\u0142y i protoko\u0142y organ\u00f3w sp\u00f3\u0142ek prawa handlowego.<\/p>\n<p>Wsp\u00f3\u0142praca z Aleksandr\u0105 Lubinieck\u0105 umo\u017cliwia Kancelarii \u015bwiadczenie us\u0142ug prawnych r\u00f3wnie\u017c z uwzgl\u0119dnieniem j\u0119zyka francuskiego oraz j\u0119zyka portugalskiego.<\/p>\n<hr \/>\n<p><strong>Helena Lubiniecka<\/strong><\/p>\n<p>Absolwentka Akademii Ekonomicznej we Wroc\u0142awiu oraz Studi\u00f3w Podyplomowych w zakresie rachunkowo\u015bci oraz podatk\u00f3w uko\u0144czonych w Wy\u017cszej Szkole Bankowej w Poznaniu.<\/p>\n<p>Posiada wieloletnie do\u015bwiadczenie w zakresie ksi\u0119gowo\u015bci i podatk\u00f3w, \u015bwiadczy us\u0142ugi ksi\u0119gowe i podatkowe, w szczeg\u00f3lno\u015bci prowadzenie ksi\u0105g handlowych, prowadzenie ewidencji przychod\u00f3w lub ksi\u0119gi przychod\u00f3w i rozchod\u00f3w z ewidencj\u0105 VAT, rozliczenia pracownik\u00f3w a tak\u017ce us\u0142ugi dodatkowe (wyprowadzanie zaleg\u0142o\u015bci, sporz\u0105dzanie polityki rachunkowo\u015bci, planu kont).<\/p>\n<p>Wsp\u00f3\u0142praca z Helen\u0105 Lubinieck\u0105 umo\u017cliwia Klientom Kancelarii korzystanie z wiedzy w zakresie rachunkowo\u015bci i podatk\u00f3w.<\/p>\n","protected":false},"excerpt":{"rendered":"<p>Aleksandra Lubiniecka Absolwentka Uniwersytetu Warszawskiego, Magister lingwistyki stosowanej. T\u0142umacz tekst\u00f3w prawniczych i ekonomicznych. \u015awiadczy us\u0142ugi w zakresie prawniczych i ekonomicznych t\u0142umacze\u0144 ustnych i pisemnych. W ramach swojej specjalizacji t\u0142umaczy m.in. pisma procesowe, opinie prawne, wyroki s\u0105d\u00f3w powszechnych i S\u0105du Najwy\u017cszego w Warszawie, dokumenty z zakresu prawa handlowego, w tym uchwa\u0142y i protoko\u0142y organ\u00f3w sp\u00f3\u0142ek prawa &hellip; <a href=\"https:\/\/lubiniecka.pl\/index.php\/wspolpracownicy\/\" class=\"more-link\">Czytaj dalej <span class=\"screen-reader-text\">Wsp\u00f3\u0142pracownicy<\/span> <span class=\"meta-nav\">&rarr;<\/span><\/a><\/p>\n","protected":false},"author":1,"featured_media":0,"parent":0,"menu_order":0,"comment_status":"closed","ping_status":"closed","template":"","meta":[],"_links":{"self":[{"href":"https:\/\/lubiniecka.pl\/index.php\/wp-json\/wp\/v2\/pages\/9"}],"collection":[{"href":"https:\/\/lubiniecka.pl\/index.php\/wp-json\/wp\/v2\/pages"}],"about":[{"href":"https:\/\/lubiniecka.pl\/index.php\/wp-json\/wp\/v2\/types\/page"}],"author":[{"embeddable":true,"href":"https:\/\/lubiniecka.pl\/index.php\/wp-json\/wp\/v2\/users\/1"}],"replies":[{"embeddable":true,"href":"https:\/\/lubiniecka.pl\/index.php\/wp-json\/wp\/v2\/comments?post=9"}],"version-history":[{"count":2,"href":"https:\/\/lubiniecka.pl\/index.php\/wp-json\/wp\/v2\/pages\/9\/revisions"}],"predecessor-version":[{"id":44,"href":"https:\/\/lubiniecka.pl\/index.php\/wp-json\/wp\/v2\/pages\/9\/revisions\/44"}],"wp:attachment":[{"href":"https:\/\/lubiniecka.pl\/index.php\/wp-json\/wp\/v2\/media?parent=9"}],"curies":[{"name":"wp","href":"https:\/\/api.w.org\/{rel}","templated":true}]}}

Współpracownicy

<p><strong>Aleksandra Lubiniecka</strong></p>
<p>Absolwentka Uniwersytetu Warszawskiego, Magister lingwistyki stosowanej. Tłumacz tekstów prawniczych i ekonomicznych. Świadczy usługi w zakresie prawniczych i ekonomicznych tłumaczeń ustnych i pisemnych.</p>
<p>W ramach swojej specjalizacji tłumaczy m.in. pisma procesowe, opinie prawne, wyroki sądów powszechnych i Sądu Najwyższego w Warszawie, dokumenty z zakresu prawa handlowego, w tym uchwały i protokoły organów spółek prawa handlowego.</p>
<p>Współpraca z Aleksandrą Lubiniecką umożliwia Kancelarii świadczenie usług prawnych również z uwzględnieniem języka francuskiego oraz języka portugalskiego.</p>
<hr />
<p><strong>Helena Lubiniecka</strong></p>
<p>Absolwentka Akademii Ekonomicznej we Wrocławiu oraz Studiów Podyplomowych w zakresie rachunkowości oraz podatków ukończonych w Wyższej Szkole Bankowej w Poznaniu.</p>
<p>Posiada wieloletnie doświadczenie w zakresie księgowości i podatków, świadczy usługi księgowe i podatkowe, w szczególności prowadzenie ksiąg handlowych, prowadzenie ewidencji przychodów lub księgi przychodów i rozchodów z ewidencją VAT, rozliczenia pracowników a także usługi dodatkowe (wyprowadzanie zaległości, sporządzanie polityki rachunkowości, planu kont).</p>
<p>Współpraca z Heleną Lubiniecką umożliwia Klientom Kancelarii korzystanie z wiedzy w zakresie rachunkowości i podatków.</p>

<p>Aleksandra Lubiniecka Absolwentka Uniwersytetu Warszawskiego, Magister lingwistyki stosowanej. Tłumacz tekstów prawniczych i ekonomicznych. Świadczy usługi w zakresie prawniczych i ekonomicznych tłumaczeń ustnych i pisemnych. W ramach swojej specjalizacji tłumaczy m.in. pisma procesowe, opinie prawne, wyroki sądów powszechnych i Sądu Najwyższego w Warszawie, dokumenty z zakresu prawa handlowego, w tym uchwały i protokoły organów spółek prawa &hellip; <a href="https://lubiniecka.pl/index.php/wspolpracownicy/" class="more-link">Czytaj dalej <span class="screen-reader-text">Współpracownicy</span> <span class="meta-nav">&rarr;</span></a></p>
